sor of 17544 and 89784.
1032
Calculate the highest common divisor of 2457 and 693.
63
What is the highest common factor of 1139 and 221?
17
What is the highest common factor of 13494 and 125079?
519
What is the greatest common factor of 135 and 100440?
135
What is the greatest common factor of 12 and 20481?
3
What is the greatest common divisor of 614132 and 8?
4
What is the highest common divisor of 27 and 177?
3
What is the highest common factor of 184794 and 1311?
57
What is the highest common divisor of 105 and 1564885?
35
Calculate the highest common factor of 704 and 56292.
4
Calculate the greatest common factor of 12564 and 3012.
12
What is the greatest common divisor of 15 and 175485?
15
What is the greatest common divisor of 42196 and 616?
308
What is the greatest common divisor of 2620 and 560?
20
What is the greatest common divisor of 276 and 10152?
12
Calculate the greatest common factor of 28452 and 516.
12
What is the highest common divisor of 195 and 34203?
39
What is the highest common factor of 2500 and 236200?
100
What is the highest common divisor of 1425 and 885?
15
Calculate the greatest common factor of 1880 and 13880.
40
What is the greatest common factor of 1632 and 11577?
51
What is the greatest common divisor of 516 and 2838?
258
What is the greatest common divisor of 726 and 452463?
33
What is the greatest common factor of 224 and 8596?
28
What is the greatest common factor of 26631 and 396?
99
Calculate the greatest common divisor of 1113 and 20511.
159
What is the highest common divisor of 124 and 270816?
124
What is the highest common factor of 1501620 and 116?
116
What is the greatest common factor of 7085 and 73030?
545
What is the highest common divisor of 1682 and 3596?
58
What is the greatest common factor of 190 and 38095?
95
What is the highest common factor of 212487 and 7050?
141
Calculate the highest common factor of 128338 and 824.
206
What is the highest common factor of 1487545 and 5?
5
Calculate the greatest common factor of 2 and 326.
2
What is the highest common factor of 90877 and 19?
19
Calculate the greatest common divisor of 27 and 35946.
9
Calculate the highest common factor of 268444 and 44.
44
What is the greatest common divisor of 52681 and 278?
139
Calculate the greatest common divisor of 44840 and 1062.
118
Calculate the greatest common divisor of 594 and 68178.
66
What is the highest common divisor of 2068 and 1716?
44
What is the greatest common factor of 247379 and 165?
11
Calculate the greatest common factor of 45 and 209385.
45
What is the highest common factor of 2414874 and 462?
462
Calculate the highest common factor of 70 and 13645.
5
What is the highest common factor of 712 and 1729092?
356
Calculate the greatest common divisor of 236965 and 415.
415
Calculate the greatest common factor of 1304 and 22657.
163
What is the highest common factor of 46428 and 564?
12
Calculate the highest common divisor of 56 and 47964.
28
Calculate the highest common factor of 606040 and 3488.
872
What is the greatest common divisor of 48253 and 9915?
661
What is the greatest common factor of 20 and 75488?
4
Calculate the greatest common divisor of 3956 and 27025.
23
What is the greatest common divisor of 135531 and 666?
333
Calculate the greatest common divisor of 231 and 5937393.
231
Calculate the highest common divisor of 20 and 156895.
5
Calculate the greatest common divisor of 476671 and 26.
13
What is the greatest common factor of 832 and 643136?
832
Calculate the greatest common factor of 4 and 38156.
4
Calculate the highest common divisor of 1465232 and 64.
16
What is the greatest common factor of 12461106 and 42?
42
What is the highest common factor of 2768 and 62?
2
What is the greatest common factor of 3477819 and 2595?
519
What is the greatest common factor of 187 and 997169?
17
Calculate the greatest common factor of 81718 and 91.
91
Calculate the greatest common divisor of 2336 and 24.
8
What is the highest common factor of 147328 and 384?
128
What is the highest common factor of 1262 and 38491?
631
Calculate the highest common factor of 137 and 578962.
137
What is the greatest common factor of 44846 and 6?
2
What is the greatest common divisor of 710 and 3200?
10
What is the greatest common divisor of 830 and 360054?
166
What is the highest common factor of 1032 and 30696?
24
What is the greatest common factor of 894847 and 226?
113
Calculate the highest common factor of 262 and 344268.
262
Calculate the highest common factor of 12717 and 1884.
471
Calculate the greatest common divisor of 18655 and 8996.
13
Calculate the greatest common divisor of 20174 and 3927.
77
What is the greatest common divisor of 4394280 and 120?
120
What is the greatest common factor of 929 and 41?
1
Calculate the greatest common divisor of 1945 and 262964.
389
What is the highest common factor of 13446 and 7776?
162
Calculate the greatest common factor of 1212 and 21276.
12
Calculate the greatest common factor of 1636018 and 502.
502
What is the highest common factor of 318059 and 49?
49
Calculate the greatest common divisor of 1526 and 2884.
14
What is the highest common factor of 1710 and 1542?
6
Calculate the highest common divisor of 11218 and 16116.
158
Calculate the greatest common divisor of 5922 and 1140314.
658
Calculate the highest common divisor of 7000 and 154.
14
Calculate the greatest common factor of 21 and 543207.
21
What is the highest common divisor of 416656 and 48?
16
What is the highest common divisor of 117 and 334503?
117
What is the greatest common factor of 2032436 and 203?
203
What is the highest common divisor of 12 and 43404?
12
Calculate the greatest common factor of 7232 and 214813.
113
What is the greatest common divisor of 925 and 1369999?
37
What is the highest common divisor of 55335 and 84?
21
What is the greatest common factor of 12 and 8256?
12
What is the highest common divisor of 108353 and 161?
161
Calculate the greatest common divisor of 73769 and 71.
71
Calculate the greatest common factor of 1280661 and 68.
17
What is the greatest common divisor of 4026 and 75213?
183
What is the highest common divisor of 97209 and 42?
21
What is the greatest common factor of 2236 and 215?
43
What is the greatest common factor of 124656 and 96?
48
Calculate the greatest common divisor of 5642 and 11375.
91
Calculate the greatest common factor of 304832 and 1408.
704
Calculate the highest common divisor of 17 and 217770.
17
What is the greatest common factor of 1575 and 7119?
63
What is the highest common factor of 25424 and 2128?
112
What is the highest common divisor of 981168 and 144?
48
Calculate the highest common factor of 17702 and 209251.
167
Calculate the greatest common divisor of 364 and 108667.
13
Calculate the greatest common divisor of 1195 and 40.
5
What is the highest common divisor of 224 and 2128?
112
Calculate the greatest common divisor of 12224 and 3629.
191
What is the greatest common divisor of 4736 and 688?
16
Calculate the highest common factor of 3024 and 7992.
216
What is the greatest common divisor of 30 and 542?
2
Calculate the greatest common divisor of 3314 and 38.
2
Calculate the highest common factor of 84 and 8196.
12
Calculate the highest common factor of 383238 and 3171.
453
What is the greatest common factor of 13572 and 145?
29
Calculate the greatest common factor of 213 and 114239.
71
Calculate the greatest common divisor of 158800 and 2000.
400
What is the greatest common factor of 8568 and 93772?
476
What is the greatest common divisor of 142738 and 69?
23
What is the greatest common factor of 135117 and 9?
9
What is the greatest common divisor of 65 and 459355?
65
What is the greatest common divisor of 310871 and 7139?
649
Calculate the highest common factor of 36 and 342306.
18
Calculate the greatest common factor of 340587 and 4264.
533
What is the highest common divisor of 7553 and 1001?
91
Calculate the highest common divisor of 3515 and 8455.
95
What is the highest common divisor of 143 and 99?
11
Calculate the highest common divisor of 53301 and 327.
327
What is the greatest common divisor of 437661 and 49?
7
Calculate the greatest common divisor of 22 and 212278.
22
Calculate the highest common factor of 24956 and 1088.
68
Calcul